{"id":96,"date":"2014-08-22T10:06:29","date_gmt":"2014-08-22T10:06:29","guid":{"rendered":"https:\/\/martec-klub.dk\/?page_id=96"},"modified":"2025-04-14T16:05:48","modified_gmt":"2025-04-14T14:05:48","slug":"bestyrelsen","status":"publish","type":"page","link":"https:\/\/martec-klub.dk\/?page_id=96","title":{"rendered":"Bestyrelsen"},"content":{"rendered":"<p><strong>Formand og sekret\u00e6r:<br \/>\n<\/strong>Tiltr\u00e5dt 2025<br \/>\nNickolaj Havsager &#8211; p\u00e5 valg 2027<br \/>\nMobil: 27 11 72 43<br \/>\nE-mail: nickolajhavsager@gmail.com<\/p>\n<p><strong>N\u00e6stformand<\/strong><strong>:<br \/>\n<\/strong>Tiltr\u00e5dt 2018<br \/>\nErik S\u00f8rensen &#8211; genvalgt 2020, 2022, 2024 p\u00e5 valg 2026<\/p>\n<p><strong>Kasserer:<br \/>\n<\/strong>Tiltr\u00e5dt 2016<br \/>\nPer K\u00f8lbak &#8211; genvalgt 2018, 2020, 2022, 2024 p\u00e5 valg 2026<\/p>\n<p><strong>Bestyrelsesmedlem:<br \/>\n<\/strong>Tiltr\u00e5dt 2013<br \/>\nSteen Madsen &#8211; genvalgt 2015, 2017, 2019, 2021 og 2023, 2025 p\u00e5 valg 2027<\/p>\n<p><strong>Bestyrelsesmedlem og <b>MARTEC&#8217;s repr\u00e6sentant<\/b>:<br \/>\n<\/strong>Tiltr\u00e5dt 2023<br \/>\nEmil Dolbak S\u00f8ndergaard &#8211; genvalgt 2024 p\u00e5 valg 2026<\/p>\n<p><strong>Studerendes repr\u00e6sentant:<br \/>\n<\/strong><!-- x-tinymce\/html -->Tiltr\u00e5dt 2025<br \/>\nxxxxxxxxxxxxxxxxxxx<\/p>\n<p><strong>Bestyrelsessuppleant:<br \/>\n<\/strong>Tiltr\u00e5dt 2020<br \/>\nBent Nepper &#8211; genvalgt 2022, 2024 p\u00e5 valg 2026<\/p>\n","protected":false},"excerpt":{"rendered":"<p>Formand og sekret\u00e6r: Tiltr\u00e5dt 2025 Nickolaj Havsager &#8211; p\u00e5 valg 2027 Mobil: 27 11 72 43 E-mail: nickolajhavsager@gmail.com N\u00e6stformand: Tiltr\u00e5dt 2018 Erik S\u00f8rensen &#8211; genvalgt 2020, 2022, 2024 p\u00e5 valg 2026 Kasserer: Tiltr\u00e5dt 2016 Per K\u00f8lbak &#8211; genvalgt 2018, 2020, 2022, 2024 p\u00e5 valg 2026 Bestyrelsesmedlem: Tiltr\u00e5dt 2013 Steen Madsen &#8211; genvalgt 2015, 2017, 2019, [&hellip;]<\/p>\n","protected":false},"author":1,"featured_media":0,"parent":0,"menu_order":0,"comment_status":"closed","ping_status":"open","template":"","meta":{"footnotes":""},"class_list":["post-96","page","type-page","status-publish","hentry"],"_links":{"self":[{"href":"https:\/\/martec-klub.dk\/index.php?rest_route=\/wp\/v2\/pages\/96","targetHints":{"allow":["GET"]}}],"collection":[{"href":"https:\/\/martec-klub.dk\/index.php?rest_route=\/wp\/v2\/pages"}],"about":[{"href":"https:\/\/martec-klub.dk\/index.php?rest_route=\/wp\/v2\/types\/page"}],"author":[{"embeddable":true,"href":"https:\/\/martec-klub.dk\/index.php?rest_route=\/wp\/v2\/users\/1"}],"replies":[{"embeddable":true,"href":"https:\/\/martec-klub.dk\/index.php?rest_route=%2Fwp%2Fv2%2Fcomments&post=96"}],"version-history":[{"count":44,"href":"https:\/\/martec-klub.dk\/index.php?rest_route=\/wp\/v2\/pages\/96\/revisions"}],"predecessor-version":[{"id":1173,"href":"https:\/\/martec-klub.dk\/index.php?rest_route=\/wp\/v2\/pages\/96\/revisions\/1173"}],"wp:attachment":[{"href":"https:\/\/martec-klub.dk\/index.php?rest_route=%2Fwp%2Fv2%2Fmedia&parent=96"}],"curies":[{"name":"wp","href":"https:\/\/api.w.org\/{rel}","templated":true}]}}